{"id":2464,"date":"2023-04-15T11:49:55","date_gmt":"2023-04-15T09:49:55","guid":{"rendered":"https:\/\/raigfotograf.com\/xarxes-socials\/"},"modified":"2023-04-28T09:04:33","modified_gmt":"2023-04-28T07:04:33","slug":"xarxes-socials","status":"publish","type":"page","link":"https:\/\/raigfotograf.com\/ca\/xarxes-socials\/","title":{"rendered":"XARXES SOCIALS"},"content":{"rendered":"<p><div class=\"fusion-fullwidth fullwidth-box fusion-builder-row-1 fusion-flex-container has-pattern-background has-mask-background nonhundred-percent-fullwidth non-hundred-percent-height-scrolling\" style=\"--awb-background-position:left top;--awb-border-sizes-top:0px;--awb-border-sizes-bottom:0px;--awb-border-sizes-left:0px;--awb-border-sizes-right:0px;--awb-border-radius-top-left:0px;--awb-border-radius-top-right:0px;--awb-border-radius-bottom-right:0px;--awb-border-radius-bottom-left:0px;--awb-padding-top:60px;--awb-padding-bottom:30px;--awb-flex-wrap:wrap;\" ><div class=\"fusion-builder-row fusion-row fusion-flex-align-items-stretch fusion-flex-content-wrap\" style=\"max-width:calc( 1170px + 0px );margin-left: calc(-0px \/ 2 );margin-right: calc(-0px \/ 2 );\"><div class=\"fusion-layout-column fusion_builder_column fusion-builder-column-0 fusion_builder_column_1_1 1_1 fusion-flex-column\" style=\"--awb-bg-blend:overlay;--awb-bg-size:cover;--awb-width-large:100%;--awb-margin-top-large:0px;--awb-spacing-right-large:0px;--awb-margin-bottom-large:20px;--awb-spacing-left-large:0px;--awb-width-medium:100%;--awb-spacing-right-medium:0px;--awb-spacing-left-medium:0px;--awb-width-small:100%;--awb-spacing-right-small:0px;--awb-spacing-left-small:0px;\"><div class=\"fusion-column-wrapper fusion-flex-justify-content-flex-start fusion-content-layout-column\"><div class=\"fusion-title title fusion-title-1 fusion-title-center fusion-title-text fusion-title-size-two\" style=\"--awb-margin-top-small:0px;--awb-margin-right-small:0px;--awb-margin-bottom-small:20px;--awb-margin-left-small:0px;\"><div class=\"title-sep-container title-sep-container-left\"><div class=\"title-sep sep- sep-solid\" style=\"border-color:hsla(var(--awb-color1-h),var(--awb-color1-s),var(--awb-color1-l),calc( var(--awb-color1-a) - 80% ));\"><\/div><\/div><span class=\"awb-title-spacer\"><\/span><h2 class=\"fusion-title-heading title-heading-center fusion-responsive-typography-calculated\" style=\"margin:0;--fontSize:40;line-height:1.1;\">GESTI\u00d3 I DINAMITZACI\u00d3 DE XARXES SOCIALS I M\u00c0RQUETING DIGITAL<\/h2><span class=\"awb-title-spacer\"><\/span><div class=\"title-sep-container title-sep-container-right\"><div class=\"title-sep sep- sep-solid\" style=\"border-color:hsla(var(--awb-color1-h),var(--awb-color1-s),var(--awb-color1-l),calc( var(--awb-color1-a) - 80% ));\"><\/div><\/div><\/div><div class=\"fusion-text fusion-text-1\"><p>Les xarxes socials s\u00f3n comunitats formades per diferents usuaris i organitzacions que s&#8217;hi relacionin a plataformas d&#8217;Internet.<\/p>\n<p>Les grans idees tenen l&#8217;avantatge que es poden representar de manera molt clara i s\u00f3n f\u00e0cils d&#8217;entendre.<\/p>\n<p>En els moments actuals, en plena era digital, al nostre entendre \u00e9s obligatori tenir pres\u00e8ncia a les xarxes socials.<\/p>\n<p>La nostra experi\u00e8ncia ens diu que les pimes i els aut\u00f2noms que aposten per digitalitzar-se, tenir pres\u00e8ncia activa a les xarxes socials i desenvolupar un pla de m\u00e0rqueting digital adequat i ben dirigit, en un temps raonable, augmenten les interaccions amb els usuaris, guanyant-se la seva confian\u00e7a i , en conseq\u00fc\u00e8ncia, augmentant les seves possibilitats reals de negoci.<\/p>\n<p>Per a una planificaci\u00f3 correcta del m\u00e0rqueting digital haurem d&#8217;utilitzar diferents mitjans: un lloc web actual, modern i interactiu, aix\u00ed com la gesti\u00f3 de les xarxes socials, ja que permeten, entre altres coses, un gran nivell de segmentaci\u00f3.<\/p>\n<p>Per aconseguir uns bons resultats \u00e9s necessari treballar la imatge de la nostra marca amb const\u00e0ncia, qualitat, fiabilitat i professionalitat, fent la millor publicitat pel teu negoci.<\/p>\n<p>El domini de la imatge, la comunicaci\u00f3 i la publicitat \u00e9s indispensable per crear o millorar una marca i ampliar la seva pres\u00e8ncia a les xarxes socials i als mitjans digitals (web, bloc, butllet\u00ed informatiu (newsletter), plataformes, aplicacions\u2026)<\/p>\n<p>Es tracta de saber qu\u00e8 publiquem, com, quan i per qu\u00e8.<\/p>\n<p>A <strong>RAIG FOT\u00d2GRAF &amp; PUBLICITAT<\/strong> us proposem una gesti\u00f3 i dinamitzaci\u00f3 de les vostres xarxes socials captant escenes \u00faniques i in\u00e8dites, generant continguts interessants i de gran valor, creant publicacions atractives, apreciant-se canvis setmanals i programant campanyes i anuncis capa\u00e7os de convertir els seus seguidors en clients potencials.<\/p>\n<p>Complementem aquesta modalitat amb v\u00eddeos professionals pensats i dissenyats per tenir \u00e8xit.<\/p>\n<p><strong>Preu: segons la necessitat del client.<\/strong><br \/>\n<a href=\"https:\/\/raigfotograf.com\/ca\/contacta\/\"><strong>Sol\u00b7liciti pressupost sense comprom\u00eds.<\/strong><\/a><\/p>\n<\/div><\/div><\/div><\/div><\/div><div class=\"fusion-bg-parallax\" data-bg-align=\"center center\" data-direction=\"up\" data-mute=\"false\" data-opacity=\"100\" data-velocity=\"-0.3\" data-mobile-enabled=\"false\" data-break_parents=\"0\" data-bg-image=\"https:\/\/raigfotograf.com\/wp-content\/uploads\/2023\/03\/footer-banner.jpg\" data-bg-repeat=\"false\" data-bg-color=\"var(--awb-color5)\" ><\/div><div class=\"fusion-fullwidth fullwidth-box fusion-builder-row-2 fusion-flex-container has-pattern-background has-mask-background fusion-parallax-up nonhundred-percent-fullwidth non-hundred-percent-height-scrolling lazyload\" style=\"--awb-border-sizes-top:0px;--awb-border-sizes-bottom:0px;--awb-border-sizes-left:0px;--awb-border-sizes-right:0px;--awb-border-radius-top-left:0px;--awb-border-radius-top-right:0px;--awb-border-radius-bottom-right:0px;--awb-border-radius-bottom-left:0px;--awb-padding-top:100px;--awb-padding-bottom:100px;--awb-background-color:var(--awb-color5);--awb-background-size:cover;--awb-flex-wrap:wrap;\" data-bg=\"https:\/\/raigfotograf.com\/wp-content\/uploads\/2023\/03\/footer-banner.jpg\" ><div class=\"fusion-builder-row fusion-row fusion-flex-align-items-flex-start fusion-flex-content-wrap\" style=\"max-width:calc( 1170px + 0px );margin-left: calc(-0px \/ 2 );margin-right: calc(-0px \/ 2 );\"><div class=\"fusion-layout-column fusion_builder_column fusion-builder-column-1 fusion_builder_column_1_1 1_1 fusion-flex-column fusion-flex-align-self-flex-start fusion-column-no-min-height\" style=\"--awb-bg-blend:overlay;--awb-bg-size:cover;--awb-width-large:100%;--awb-margin-top-large:0px;--awb-spacing-right-large:0px;--awb-margin-bottom-large:0px;--awb-spacing-left-large:0px;--awb-width-medium:100%;--awb-order-medium:0;--awb-spacing-right-medium:0px;--awb-spacing-left-medium:0px;--awb-width-small:100%;--awb-order-small:0;--awb-spacing-right-small:0px;--awb-spacing-left-small:0px;\" data-scroll-devices=\"small-visibility,medium-visibility,large-visibility\"><div class=\"fusion-column-wrapper fusion-column-has-shadow fusion-flex-justify-content-flex-start fusion-content-layout-column\"><div class=\"fusion-title title fusion-title-2 fusion-title-center fusion-title-text fusion-title-size-two\" style=\"--awb-margin-bottom:20px;--awb-margin-top-small:0px;--awb-margin-right-small:0px;--awb-margin-bottom-small:20px;--awb-margin-left-small:0px;\"><div class=\"title-sep-container title-sep-container-left\"><div class=\"title-sep sep- sep-solid\" style=\"border-color:hsla(var(--awb-color1-h),var(--awb-color1-s),var(--awb-color1-l),calc( var(--awb-color1-a) - 80% ));\"><\/div><\/div><span class=\"awb-title-spacer\"><\/span><h2 class=\"fusion-title-heading title-heading-center fusion-responsive-typography-calculated\" style=\"margin:0;--fontSize:40;line-height:1.1;\">T\u2019AJUDEM A FER REALITAT ELS TEUS PROJECTES<\/h2><span class=\"awb-title-spacer\"><\/span><div class=\"title-sep-container title-sep-container-right\"><div class=\"title-sep sep- sep-solid\" style=\"border-color:hsla(var(--awb-color1-h),var(--awb-color1-s),var(--awb-color1-l),calc( var(--awb-color1-a) - 80% ));\"><\/div><\/div><\/div><div style=\"text-align:center;\"><a class=\"fusion-button button-flat button-large button-default fusion-button-default button-1 fusion-button-default-span \" target=\"_self\" href=\"https:\/\/raigfotograf.com\/ca\/contacta\/\"><span class=\"fusion-button-text awb-button__text awb-button__text--default\">CONTACTA<\/span><\/a><\/div><\/div><\/div><\/div><\/div>\n<\/p>\n","protected":false},"excerpt":{"rendered":"","protected":false},"author":2,"featured_media":0,"parent":0,"menu_order":0,"comment_status":"open","ping_status":"closed","template":"100-width.php","meta":{"_acf_changed":false,"footnotes":""},"class_list":["post-2464","page","type-page","status-publish","hentry"],"acf":[],"yoast_head":"<!-- This site is optimized with the Yoast SEO plugin v27.5 - https:\/\/yoast.com\/product\/yoast-seo-wordpress\/ -->\n<title>XARXES SOCIALS - Raig fot\u00f2graf<\/title>\n<meta name=\"robots\" content=\"index, follow, max-snippet:-1, max-image-preview:large, max-video-preview:-1\" \/>\n<link rel=\"canonical\" href=\"https:\/\/raigfotograf.com\/ca\/xarxes-socials\/\" \/>\n<meta property=\"og:locale\" content=\"ca_ES\" \/>\n<meta property=\"og:type\" content=\"article\" \/>\n<meta property=\"og:title\" content=\"XARXES SOCIALS - Raig fot\u00f2graf\" \/>\n<meta property=\"og:url\" content=\"https:\/\/raigfotograf.com\/ca\/xarxes-socials\/\" \/>\n<meta property=\"og:site_name\" content=\"Raig fot\u00f2graf\" \/>\n<meta property=\"article:modified_time\" content=\"2023-04-28T07:04:33+00:00\" \/>\n<meta name=\"twitter:card\" content=\"summary_large_image\" \/>\n<meta name=\"twitter:label1\" content=\"Temps estimat de lectura\" \/>\n\t<meta name=\"twitter:data1\" content=\"6 minuts\" \/>\n<script type=\"application\/ld+json\" class=\"yoast-schema-graph\">{\"@context\":\"https:\\\/\\\/schema.org\",\"@graph\":[{\"@type\":\"WebPage\",\"@id\":\"https:\\\/\\\/raigfotograf.com\\\/ca\\\/xarxes-socials\\\/\",\"url\":\"https:\\\/\\\/raigfotograf.com\\\/ca\\\/xarxes-socials\\\/\",\"name\":\"XARXES SOCIALS - Raig fot\u00f2graf\",\"isPartOf\":{\"@id\":\"https:\\\/\\\/raigfotograf.com\\\/#website\"},\"datePublished\":\"2023-04-15T09:49:55+00:00\",\"dateModified\":\"2023-04-28T07:04:33+00:00\",\"breadcrumb\":{\"@id\":\"https:\\\/\\\/raigfotograf.com\\\/ca\\\/xarxes-socials\\\/#breadcrumb\"},\"inLanguage\":\"ca\",\"potentialAction\":[{\"@type\":\"ReadAction\",\"target\":[\"https:\\\/\\\/raigfotograf.com\\\/ca\\\/xarxes-socials\\\/\"]}]},{\"@type\":\"BreadcrumbList\",\"@id\":\"https:\\\/\\\/raigfotograf.com\\\/ca\\\/xarxes-socials\\\/#breadcrumb\",\"itemListElement\":[{\"@type\":\"ListItem\",\"position\":1,\"name\":\"Portada\",\"item\":\"https:\\\/\\\/raigfotograf.com\\\/home\\\/\"},{\"@type\":\"ListItem\",\"position\":2,\"name\":\"XARXES SOCIALS\"}]},{\"@type\":\"WebSite\",\"@id\":\"https:\\\/\\\/raigfotograf.com\\\/#website\",\"url\":\"https:\\\/\\\/raigfotograf.com\\\/\",\"name\":\"Raig fot\u00f2graf\",\"description\":\"Estudio de fotograf\u00eda\",\"potentialAction\":[{\"@type\":\"SearchAction\",\"target\":{\"@type\":\"EntryPoint\",\"urlTemplate\":\"https:\\\/\\\/raigfotograf.com\\\/?s={search_term_string}\"},\"query-input\":{\"@type\":\"PropertyValueSpecification\",\"valueRequired\":true,\"valueName\":\"search_term_string\"}}],\"inLanguage\":\"ca\"}]}<\/script>\n<!-- \/ Yoast SEO plugin. -->","yoast_head_json":{"title":"XARXES SOCIALS - Raig fot\u00f2graf","robots":{"index":"index","follow":"follow","max-snippet":"max-snippet:-1","max-image-preview":"max-image-preview:large","max-video-preview":"max-video-preview:-1"},"canonical":"https:\/\/raigfotograf.com\/ca\/xarxes-socials\/","og_locale":"ca_ES","og_type":"article","og_title":"XARXES SOCIALS - Raig fot\u00f2graf","og_url":"https:\/\/raigfotograf.com\/ca\/xarxes-socials\/","og_site_name":"Raig fot\u00f2graf","article_modified_time":"2023-04-28T07:04:33+00:00","twitter_card":"summary_large_image","twitter_misc":{"Temps estimat de lectura":"6 minuts"},"schema":{"@context":"https:\/\/schema.org","@graph":[{"@type":"WebPage","@id":"https:\/\/raigfotograf.com\/ca\/xarxes-socials\/","url":"https:\/\/raigfotograf.com\/ca\/xarxes-socials\/","name":"XARXES SOCIALS - Raig fot\u00f2graf","isPartOf":{"@id":"https:\/\/raigfotograf.com\/#website"},"datePublished":"2023-04-15T09:49:55+00:00","dateModified":"2023-04-28T07:04:33+00:00","breadcrumb":{"@id":"https:\/\/raigfotograf.com\/ca\/xarxes-socials\/#breadcrumb"},"inLanguage":"ca","potentialAction":[{"@type":"ReadAction","target":["https:\/\/raigfotograf.com\/ca\/xarxes-socials\/"]}]},{"@type":"BreadcrumbList","@id":"https:\/\/raigfotograf.com\/ca\/xarxes-socials\/#breadcrumb","itemListElement":[{"@type":"ListItem","position":1,"name":"Portada","item":"https:\/\/raigfotograf.com\/home\/"},{"@type":"ListItem","position":2,"name":"XARXES SOCIALS"}]},{"@type":"WebSite","@id":"https:\/\/raigfotograf.com\/#website","url":"https:\/\/raigfotograf.com\/","name":"Raig fot\u00f2graf","description":"Estudio de fotograf\u00eda","potentialAction":[{"@type":"SearchAction","target":{"@type":"EntryPoint","urlTemplate":"https:\/\/raigfotograf.com\/?s={search_term_string}"},"query-input":{"@type":"PropertyValueSpecification","valueRequired":true,"valueName":"search_term_string"}}],"inLanguage":"ca"}]}},"_links":{"self":[{"href":"https:\/\/raigfotograf.com\/ca\/wp-json\/wp\/v2\/pages\/2464","targetHints":{"allow":["GET"]}}],"collection":[{"href":"https:\/\/raigfotograf.com\/ca\/wp-json\/wp\/v2\/pages"}],"about":[{"href":"https:\/\/raigfotograf.com\/ca\/wp-json\/wp\/v2\/types\/page"}],"author":[{"embeddable":true,"href":"https:\/\/raigfotograf.com\/ca\/wp-json\/wp\/v2\/users\/2"}],"replies":[{"embeddable":true,"href":"https:\/\/raigfotograf.com\/ca\/wp-json\/wp\/v2\/comments?post=2464"}],"version-history":[{"count":2,"href":"https:\/\/raigfotograf.com\/ca\/wp-json\/wp\/v2\/pages\/2464\/revisions"}],"predecessor-version":[{"id":2466,"href":"https:\/\/raigfotograf.com\/ca\/wp-json\/wp\/v2\/pages\/2464\/revisions\/2466"}],"wp:attachment":[{"href":"https:\/\/raigfotograf.com\/ca\/wp-json\/wp\/v2\/media?parent=2464"}],"curies":[{"name":"wp","href":"https:\/\/api.w.org\/{rel}","templated":true}]}}

<p><div class="fusion-fullwidth fullwidth-box fusion-builder-row-1 fusion-flex-container has-pattern-background has-mask-background nonhundred-percent-fullwidth non-hundred-percent-height-scrolling" style="--awb-background-position:left top;--awb-border-sizes-top:0px;--awb-border-sizes-bottom:0px;--awb-border-sizes-left:0px;--awb-border-sizes-right:0px;--awb-border-radius-top-left:0px;--awb-border-radius-top-right:0px;--awb-border-radius-bottom-right:0px;--awb-border-radius-bottom-left:0px;--awb-padding-top:60px;--awb-padding-bottom:30px;--awb-flex-wrap:wrap;" ><div class="fusion-builder-row fusion-row fusion-flex-align-items-stretch fusion-flex-content-wrap" style="max-width:calc( 1170px + 0px );margin-left: calc(-0px / 2 );margin-right: calc(-0px / 2 );"><div class="fusion-layout-column fusion_builder_column fusion-builder-column-0 fusion_builder_column_1_1 1_1 fusion-flex-column" style="--awb-bg-blend:overlay;--awb-bg-size:cover;--awb-width-large:100%;--awb-margin-top-large:0px;--awb-spacing-right-large:0px;--awb-margin-bottom-large:20px;--awb-spacing-left-large:0px;--awb-width-medium:100%;--awb-spacing-right-medium:0px;--awb-spacing-left-medium:0px;--awb-width-small:100%;--awb-spacing-right-small:0px;--awb-spacing-left-small:0px;"><div class="fusion-column-wrapper fusion-flex-justify-content-flex-start fusion-content-layout-column"><div class="fusion-title title fusion-title-1 fusion-title-center fusion-title-text fusion-title-size-two" style="--awb-margin-top-small:0px;--awb-margin-right-small:0px;--awb-margin-bottom-small:20px;--awb-margin-left-small:0px;"><div class="title-sep-container title-sep-container-left"><div class="title-sep sep- sep-solid" style="border-color:hsla(var(--awb-color1-h),var(--awb-color1-s),var(--awb-color1-l),calc( var(--awb-color1-a) - 80% ));"></div></div><span class="awb-title-spacer"></span><h2 class="fusion-title-heading title-heading-center fusion-responsive-typography-calculated" style="margin:0;--fontSize:40;line-height:1.1;">GESTIÓ I DINAMITZACIÓ DE XARXES SOCIALS I MÀRQUETING DIGITAL</h2><span class="awb-title-spacer"></span><div class="title-sep-container title-sep-container-right"><div class="title-sep sep- sep-solid" style="border-color:hsla(var(--awb-color1-h),var(--awb-color1-s),var(--awb-color1-l),calc( var(--awb-color1-a) - 80% ));"></div></div></div><div class="fusion-text fusion-text-1"><p>Les xarxes socials són comunitats formades per diferents usuaris i organitzacions que s&#8217;hi relacionin a plataformas d&#8217;Internet.</p>
<p>Les grans idees tenen l&#8217;avantatge que es poden representar de manera molt clara i són fàcils d&#8217;entendre.</p>
<p>En els moments actuals, en plena era digital, al nostre entendre és obligatori tenir presència a les xarxes socials.</p>
<p>La nostra experiència ens diu que les pimes i els autònoms que aposten per digitalitzar-se, tenir presència activa a les xarxes socials i desenvolupar un pla de màrqueting digital adequat i ben dirigit, en un temps raonable, augmenten les interaccions amb els usuaris, guanyant-se la seva confiança i , en conseqüència, augmentant les seves possibilitats reals de negoci.</p>
<p>Per a una planificació correcta del màrqueting digital haurem d&#8217;utilitzar diferents mitjans: un lloc web actual, modern i interactiu, així com la gestió de les xarxes socials, ja que permeten, entre altres coses, un gran nivell de segmentació.</p>
<p>Per aconseguir uns bons resultats és necessari treballar la imatge de la nostra marca amb constància, qualitat, fiabilitat i professionalitat, fent la millor publicitat pel teu negoci.</p>
<p>El domini de la imatge, la comunicació i la publicitat és indispensable per crear o millorar una marca i ampliar la seva presència a les xarxes socials i als mitjans digitals (web, bloc, butlletí informatiu (newsletter), plataformes, aplicacions…)</p>
<p>Es tracta de saber què publiquem, com, quan i per què.</p>
<p>A <strong>RAIG FOTÒGRAF &amp; PUBLICITAT</strong> us proposem una gestió i dinamització de les vostres xarxes socials captant escenes úniques i inèdites, generant continguts interessants i de gran valor, creant publicacions atractives, apreciant-se canvis setmanals i programant campanyes i anuncis capaços de convertir els seus seguidors en clients potencials.</p>
<p>Complementem aquesta modalitat amb vídeos professionals pensats i dissenyats per tenir èxit.</p>
<p><strong>Preu: segons la necessitat del client.</strong><br />
<a href="https://raigfotograf.com/ca/contacta/"><strong>Sol·liciti pressupost sense compromís.</strong></a></p>
</div></div></div></div></div><div class="fusion-bg-parallax" data-bg-align="center center" data-direction="up" data-mute="false" data-opacity="100" data-velocity="-0.3" data-mobile-enabled="false" data-break_parents="0" data-bg-image="https://raigfotograf.com/wp-content/uploads/2023/03/footer-banner.jpg" data-bg-repeat="false" data-bg-color="var(--awb-color5)" ></div><div class="fusion-fullwidth fullwidth-box fusion-builder-row-2 fusion-flex-container has-pattern-background has-mask-background fusion-parallax-up nonhundred-percent-fullwidth non-hundred-percent-height-scrolling lazyload" style="--awb-border-sizes-top:0px;--awb-border-sizes-bottom:0px;--awb-border-sizes-left:0px;--awb-border-sizes-right:0px;--awb-border-radius-top-left:0px;--awb-border-radius-top-right:0px;--awb-border-radius-bottom-right:0px;--awb-border-radius-bottom-left:0px;--awb-padding-top:100px;--awb-padding-bottom:100px;--awb-background-color:var(--awb-color5);--awb-background-size:cover;--awb-flex-wrap:wrap;" data-bg="https://raigfotograf.com/wp-content/uploads/2023/03/footer-banner.jpg" ><div class="fusion-builder-row fusion-row fusion-flex-align-items-flex-start fusion-flex-content-wrap" style="max-width:calc( 1170px + 0px );margin-left: calc(-0px / 2 );margin-right: calc(-0px / 2 );"><div class="fusion-layout-column fusion_builder_column fusion-builder-column-1 fusion_builder_column_1_1 1_1 fusion-flex-column fusion-flex-align-self-flex-start fusion-column-no-min-height" style="--awb-bg-blend:overlay;--awb-bg-size:cover;--awb-width-large:100%;--awb-margin-top-large:0px;--awb-spacing-right-large:0px;--awb-margin-bottom-large:0px;--awb-spacing-left-large:0px;--awb-width-medium:100%;--awb-order-medium:0;--awb-spacing-right-medium:0px;--awb-spacing-left-medium:0px;--awb-width-small:100%;--awb-order-small:0;--awb-spacing-right-small:0px;--awb-spacing-left-small:0px;" data-scroll-devices="small-visibility,medium-visibility,large-visibility"><div class="fusion-column-wrapper fusion-column-has-shadow fusion-flex-justify-content-flex-start fusion-content-layout-column"><div class="fusion-title title fusion-title-2 fusion-title-center fusion-title-text fusion-title-size-two" style="--awb-margin-bottom:20px;--awb-margin-top-small:0px;--awb-margin-right-small:0px;--awb-margin-bottom-small:20px;--awb-margin-left-small:0px;"><div class="title-sep-container title-sep-container-left"><div class="title-sep sep- sep-solid" style="border-color:hsla(var(--awb-color1-h),var(--awb-color1-s),var(--awb-color1-l),calc( var(--awb-color1-a) - 80% ));"></div></div><span class="awb-title-spacer"></span><h2 class="fusion-title-heading title-heading-center fusion-responsive-typography-calculated" style="margin:0;--fontSize:40;line-height:1.1;">T’AJUDEM A FER REALITAT ELS TEUS PROJECTES</h2><span class="awb-title-spacer"></span><div class="title-sep-container title-sep-container-right"><div class="title-sep sep- sep-solid" style="border-color:hsla(var(--awb-color1-h),var(--awb-color1-s),var(--awb-color1-l),calc( var(--awb-color1-a) - 80% ));"></div></div></div><div style="text-align:center;"><a class="fusion-button button-flat button-large button-default fusion-button-default button-1 fusion-button-default-span " target="_self" href="https://raigfotograf.com/ca/contacta/"><span class="fusion-button-text awb-button__text awb-button__text--default">CONTACTA</span></a></div></div></div></div></div>
</p>

<!-- This site is optimized with the Yoast SEO plugin v27.5 - https://yoast.com/product/yoast-seo-wordpress/ -->
<title>XARXES SOCIALS - Raig fotògraf</title>
<meta name="robots" content="index, follow, max-snippet:-1, max-image-preview:large, max-video-preview:-1" />
<link rel="canonical" href="https://raigfotograf.com/ca/xarxes-socials/" />
<meta property="og:locale" content="ca_ES" />
<meta property="og:type" content="article" />
<meta property="og:title" content="XARXES SOCIALS - Raig fotògraf" />
<meta property="og:url" content="https://raigfotograf.com/ca/xarxes-socials/" />
<meta property="og:site_name" content="Raig fotògraf" />
<meta property="article:modified_time" content="2023-04-28T07:04:33+00:00" />
<meta name="twitter:card" content="summary_large_image" />
<meta name="twitter:label1" content="Temps estimat de lectura" />
	<meta name="twitter:data1" content="6 minuts" />
<script type="application/ld+json" class="yoast-schema-graph">{"@context":"https:\/\/schema.org","@graph":[{"@type":"WebPage","@id":"https:\/\/raigfotograf.com\/ca\/xarxes-socials\/","url":"https:\/\/raigfotograf.com\/ca\/xarxes-socials\/","name":"XARXES SOCIALS - Raig fotògraf","isPartOf":{"@id":"https:\/\/raigfotograf.com\/#website"},"datePublished":"2023-04-15T09:49:55+00:00","dateModified":"2023-04-28T07:04:33+00:00","breadcrumb":{"@id":"https:\/\/raigfotograf.com\/ca\/xarxes-socials\/#breadcrumb"},"inLanguage":"ca","potentialAction":[{"@type":"ReadAction","target":["https:\/\/raigfotograf.com\/ca\/xarxes-socials\/"]}]},{"@type":"BreadcrumbList","@id":"https:\/\/raigfotograf.com\/ca\/xarxes-socials\/#breadcrumb","itemListElement":[{"@type":"ListItem","position":1,"name":"Portada","item":"https:\/\/raigfotograf.com\/home\/"},{"@type":"ListItem","position":2,"name":"XARXES SOCIALS"}]},{"@type":"WebSite","@id":"https:\/\/raigfotograf.com\/#website","url":"https:\/\/raigfotograf.com\/","name":"Raig fotògraf","description":"Estudio de fotografía","potentialAction":[{"@type":"SearchAction","target":{"@type":"EntryPoint","urlTemplate":"https:\/\/raigfotograf.com\/?s={search_term_string}"},"query-input":{"@type":"PropertyValueSpecification","valueRequired":true,"valueName":"search_term_string"}}],"inLanguage":"ca"}]}</script>
<!-- / Yoast SEO plugin. -->

XARXES SOCIALS - Raig fotògraf

Raig fotògraf

Estudio de fotografía
